94613
List the prime factors of 92028.
2, 3, 7669
List the prime factors of 953974.
2, 7, 68141
What are the prime factors of 308087?
13, 1823
List the prime factors of 497408.
2, 29, 67
List the prime factors of 1731915.
3, 5, 12829
What are the prime factors of 24765946?
2, 53, 233641
List the prime factors of 5375332.
2, 17, 137, 577
List the prime factors of 5070949.
13, 31, 12583
What are the prime factors of 4670353?
4670353
What are the prime factors of 10714475?
5, 428579
List the prime factors of 2674583.
29, 92227
List the prime factors of 544947.
3, 13, 89, 157
What are the prime factors of 9839996?
2, 227, 10837
What are the prime factors of 21558354?
2, 3, 293, 12263
What are the prime factors of 118309?
193, 613
What are the prime factors of 845786?
2, 422893
What are the prime factors of 1498520?
2, 5, 37463
What are the prime factors of 2130725?
5, 85229
List the prime factors of 1827614.
2, 283, 3229
What are the prime factors of 2600510?
2, 5, 11, 47, 503
List the prime factors of 1190834.
2, 31, 19207
What are the prime factors of 26911089?
3, 281, 3547
What are the prime factors of 2025605?
5, 41, 241
List the prime factors of 6171959.
71, 86929
List the prime factors of 1686495.
3, 5, 29, 3877
What are the prime factors of 96234?
2, 3, 43, 373
List the prime factors of 161670.
2, 3, 5, 17, 317
What are the prime factors of 77475?
3, 5, 1033
List the prime factors of 22027642.
2, 7, 13, 127, 953
List the prime factors of 12248010.
2, 3, 5, 15121
What are the prime factors of 2022359?
2022359
What are the prime factors of 921553?
17, 151, 359
What are the prime factors of 4875699?
3, 199, 8167
What are the prime factors of 9471973?
7, 383, 3533
What are the prime factors of 296236?
2, 31, 2389
What are the prime factors of 1316791?
7, 313, 601
What are the prime factors of 9265170?
2, 3, 5, 17, 37, 491
List the prime factors of 11357350.
2, 5, 227147
What are the prime factors of 1152768?
2, 3, 19, 79
List the prime factors of 47450.
2, 5, 13, 73
List the prime factors of 2860979.
11, 260089
What are the prime factors of 241222?
2, 29, 4159
What are the prime factors of 2227963?
2227963
List the prime factors of 401095.
5, 97, 827
What are the prime factors of 123108?
2, 3, 10259
List the prime factors of 14329262.
2, 7164631
What are the prime factors of 18523174?
2, 157, 58991
What are the prime factors of 2407132?
2, 7, 13, 17, 389
What are the prime factors of 203796?
2, 3, 17, 37
List the prime factors of 4440463.
1283, 3461
What are the prime factors of 801414?
2, 3, 17, 97
What are the prime factors of 1439198?
2, 719599
List the prime factors of 2280387.
3, 760129
List the prime factors of 31765940.
2, 5, 1588297
What are the prime factors of 2335344?
2, 3, 11, 4423
List the prime factors of 657898.
2, 211, 1559
List the prime factors of 15654894.
2, 3, 997, 2617
What are the prime factors of 481981?
83, 5807
List the prime factors of 737708.
2, 43, 4289
List the prime factors of 244071.
3, 47, 577
What are the prime factors of 656524?
2, 11, 43, 347
List the prime factors of 2285827.
1319, 1733
List the prime factors of 529565.
5, 105913
What are the prime factors of 11387291?
11387291
What are the prime factors of 500737?
293, 1709
What are the prime factors of 258931?
73, 3547
List the prime factors of 8298848.
2, 259339
What are the prime factors of 499642?
2, 11, 13, 1747
What are the prime factors of 1414352?
2, 88397
What are the prime factors of 236245?
5, 37, 1277
What are the prime factors of 437242?
2, 13, 67, 251
List the prime factors of 4706863.
7, 641, 1049
List the prime factors of 2111660.
2, 5, 19, 5557
What are the prime factors of 568954?
2, 284477
What are the prime factors of 1263190?
2, 5, 59, 2141
What are the prime factors of 299356?
2, 67, 1117
What are the prime factors of 362709?
3, 191, 211
What are the prime factors of 310876?
2, 77719
List the prime factors of 10198828.
2, 37, 137, 503
List the prime factors of 1500286.
2, 29, 25867
What are the prime factors of 28338167?
11, 13, 17, 11657
List the prime factors of 220775.
5, 8831
What are the prime factors of 7827963?
3, 11, 13, 71, 257
What are the prime factors of 539172?
2, 3, 17, 881
List the prime factors of 39869.
39869
What are the prime factors of 121210?
2, 5, 17, 23, 31
List the prime factors of 9198066.
2, 3, 283, 5417
What are the prime factors of 6150540?
2, 3, 5, 11, 9319
List the prime factors of 62306.
2, 31153
List the prime factors of 1723142.
2, 861571
What are the prime factors of 235496?
2, 29437
What are the prime factors of 21734?
2, 10867
What are the prime factors of 1310947?
11, 37, 3221
List the prime factors of 525453.
3, 17, 10303
What are the prime factors of 687105?
3, 5, 15269
What are the prime factors of 1092623?
7, 156089
List the prime factors of 43056.
2, 3, 13, 23
What are the prime factors of 347986?
2, 173993
What are the prime factors of 170323?
17, 43, 233
List the prime factors of 1420994.
2, 71, 10007
List the prime factors of 6968599.
11, 53, 11953
List the prime factors of 104444.
2, 26111
List the prime factors of 2363159.
2363159
List the prime factors of 13807085.
5, 43, 149, 431
List the prime factors of 5670734.
2, 2835367
List the prime factors of 16918850.
2, 5, 13, 26029
List the prime factors of 236718.
2, 3, 13151
List the prime factors of 8018677.
31, 37, 6991
What are the prime factors of 2566163?
2566163
What are the prime factors of 1461794?
2, 47, 15551
What are the prime factors of 20683092?
2, 3, 179, 9629
List the prime factors of 188925.
3, 5, 11, 229
List the prime factors of 3999723.
3, 7, 13, 23
List the prime factors of 3769841.
3769841
List the prime factors of 506046.
2, 3, 19, 23, 193
What are the prime factors of 799275?
3, 5, 10657
List the prime factors of 5125748.
2, 83, 15439
List the prime factors of 1548975.
3, 5, 19, 1087
What are the prime factors of 570517?
29, 103, 191
List the prime factors of 6759438.
2, 3, 7, 17, 9467
What are the prime factors of 1908101?
13, 146777
List the prime factors of 688639.
7, 98377
What are the prime factors of 19687633?
7, 2812519
What are the prime factors of 7502733?
3, 7, 53, 107
List the prime factors of 381860.
2, 5, 61, 313
What are the prime factors of 11471586?
2, 3, 7, 39019
What are the prime factors of 1119824?
2, 17, 23, 179
List the prime factors of 1095923.
433, 2531
List the prime factors of 1748832.
2, 3, 18217
List the prime factors of 6630057.
3, 7, 105239
What are the prime factors of 22670770?
2, 5, 127, 17851
What are the prime factors of 597486?
2, 3, 99581
What are the prime factors of 91804?
2, 59, 389
List the prime factors of 247936.
2, 13, 149
What are the prime factors of 65541?
3, 7, 3121
What are the prime factors of 1203951?
3, 7, 57331
What are the prime factors of 69837?
3, 23279
What are the prime factors of 414644?
2, 23, 4507
What are the prime factors of 385144?
2, 31, 1553
List the prime factors of 1669633.
7, 238519
List the prime factors of 92464.
2, 5779
What are the prime factors of 221504?
2, 3461
What are the prime factors of 1053892?
2, 7, 19, 283
List the prime factors of 724523.
17, 23, 109
What are the prime factors of 321114?
2, 3, 109, 491
What are the prime factors of 1444160?
2, 5, 4513
What are the prime factors of 1109810?
2, 5, 13, 8537
What are the prime factors of 1004021?
227, 4423
List the prime factors of 1683727.
79, 21313
What are the prime factors of 318942?
2, 3, 13, 29, 47
What are the prime factors of 287954?
2, 143977
List the prime factors of 4793962.
2, 2396981
List the prime factors of 8994355.
5, 1798871
What are the prime factors of 102430?
2, 5, 10243
What are the prime factors of 12116662?
2, 6058331
What are the prime factors of 7609919?
29, 262411
List the prime factors of 259810.
2, 5, 25981
What are the prime factors of 463132?
2, 115783
What are the prime factors of 120337?
7, 17191
List the prime factors of 690669.
3, 7, 19, 577
What are the prime factors of 10681885?
5, 53, 173, 233
List the prime factors of 111282.
2, 3, 17, 1091
List the prime factors of 3115661.
1231, 2531
What are the prime factors of 13633941?
3, 151, 30097
List the prime factors of 6399998.
2, 11, 19, 61, 251
List the prime factors of 521514.
2, 3, 7, 4139
List the 